0
Calculate the highest common factor of 2192 and 16.
16
What is the greatest common factor of 31 and 5704?
31
What is the highest common divisor of 6 and 3954?
6
What is the highest common divisor of 144 and 486?
18
Calculate the highest common factor of 411 and 2192.
137
What is the highest common divisor of 3344 and 2112?
176
Calculate the highest common divisor of 1479 and 174.
87
What is the highest common divisor of 72 and 2916?
36
What is the highest common factor of 255 and 238?
17
What is the highest common factor of 6 and 1338?
6
What is the greatest common factor of 190 and 1045?
95
What is the greatest common divisor of 105 and 385?
35
Calculate the greatest common factor of 59 and 649.
59
What is the greatest common divisor of 119 and 255?
17
Calculate the highest common divisor of 873 and 81.
9
Calculate the highest common divisor of 128 and 8.
8
Calculate the highest common divisor of 12 and 3972.
12
What is the highest common factor of 2336 and 16?
16
Calculate the highest common divisor of 48 and 20.
4
Calculate the greatest common divisor of 45 and 22590.
45
Calculate the greatest common factor of 1557 and 18.
9
What is the highest common factor of 585 and 1235?
65
What is the greatest common factor of 14 and 5971?
7
What is the greatest common divisor of 1 and 3659?
1
Calculate the highest common factor of 976 and 2379.
61
Calculate the highest common factor of 65 and 1040.
65
Calculate the greatest common divisor of 17963 and 11.
11
What is the highest common divisor of 16 and 3136?
16
Calculate the highest common factor of 165 and 34023.
33
What is the greatest common divisor of 649 and 59?
59
What is the greatest common divisor of 715 and 2200?
55
Calculate the greatest common divisor of 8899 and 11.
11
What is the greatest common divisor of 1862 and 38?
38
What is the highest common divisor of 38 and 100586?
38
Calculate the greatest common divisor of 3 and 221.
1
Calculate the highest common factor of 72 and 18.
18
Calculate the greatest common factor of 350 and 28.
14
What is the highest common divisor of 34 and 6698?
34
Calculate the greatest common divisor of 12 and 852.
12
What is the greatest common factor of 4498 and 39?
13
What is the greatest common factor of 12 and 246?
6
What is the greatest common divisor of 1105 and 425?
85
Calculate the greatest common divisor of 179 and 34189.
179
Calculate the highest common factor of 6490 and 990.
110
Calculate the greatest common divisor of 68 and 21148.
68
What is the highest common divisor of 36 and 156?
12
What is the highest common factor of 143 and 44?
11
What is the greatest common factor of 48 and 16?
16
Calculate the highest common divisor of 112 and 42.
14
Calculate the greatest common divisor of 2656 and 1826.
166
Calculate the highest common divisor of 125 and 26375.
125
Calculate the highest common factor of 7 and 833.
7
Calculate the greatest common divisor of 150 and 200.
50
What is the greatest common divisor of 368 and 253?
23
What is the highest common factor of 50 and 13450?
50
Calculate the highest common divisor of 16 and 88.
8
Calculate the greatest common divisor of 22528 and 44.
44
What is the greatest common divisor of 5 and 95?
5
What is the highest common divisor of 264 and 99?
33
Calculate the greatest common factor of 10 and 185.
5
Calculate the highest common divisor of 1114 and 4.
2
What is the greatest common factor of 60 and 480?
60
Calculate the greatest common divisor of 92 and 2116.
92
What is the highest common divisor of 1909 and 83?
83
What is the greatest common divisor of 136 and 68?
68
Calculate the highest common divisor of 23766 and 102.
102
What is the greatest common divisor of 7696 and 1144?
104
Calculate the greatest common factor of 251 and 3.
1
What is the greatest common divisor of 451 and 1640?
41
Calculate the greatest common divisor of 474 and 46294.
158
Calculate the highest common divisor of 664 and 20.
4
What is the greatest common divisor of 73854 and 198?
198
Calculate the highest common factor of 60 and 115.
5
Calculate the highest common divisor of 73 and 949.
73
Calculate the highest common divisor of 100 and 275.
25
Calculate the highest common factor of 3 and 3.
3
What is the greatest common divisor of 41665 and 65?
65
Calculate the highest common factor of 47 and 1692.
47
Calculate the highest common divisor of 150 and 20.
10
What is the highest common factor of 1896 and 132?
12
Calculate the greatest common factor of 1116 and 36.
36
Calculate the greatest common factor of 225 and 9.
9
What is the greatest common factor of 10 and 295?
5
Calculate the highest common factor of 2379 and 78.
39
What is the highest common factor of 85 and 10?
5
What is the highest common factor of 21 and 2142?
21
What is the greatest common factor of 559 and 645?
43
What is the greatest common factor of 124 and 2139?
31
Calculate the greatest common divisor of 574 and 451.
41
What is the highest common divisor of 600 and 2200?
200
What is the greatest common factor of 1550 and 248?
62
Calculate the greatest common factor of 20 and 270.
10
Calculate the highest common divisor of 232 and 203.
29
What is the greatest common factor of 60 and 180?
60
Calculate the greatest common factor of 15 and 35.
5
What is the greatest common divisor of 12 and 92?
4
Calculate the greatest common divisor of 322 and 1840.
46
Calculate the highest common factor of 21 and 2961.
21
Calculate the greatest common divisor of 88 and 638.
22
Calculate the highest common factor of 16157 and 151.
151
Calculate the greatest common factor of 2147 and 95.
19
Calculate the highest common factor of 1998 and 216.
54
Calculate the highest common divisor of 504 and 315.
63
Calculate the greatest common divisor of 19170 and 540.
270
What is the highest common factor of 1001 and 91?
91
Calculate the greatest common divisor of 300 and 175.
25
Calculate the greatest common factor of 17 and 2703.
17
What is the greatest common factor of 574 and 246?
82
What is the highest common factor of 2828 and 56?
28
Calculate the greatest common factor of 741 and 1197.
57
Calculate the highest common divisor of 1311 and 138.
69
What is the highest common factor of 18 and 1926?
18
What is the greatest common factor of 3456 and 1664?
128
Calculate the greatest common divisor of 882 and 21.
21
Calculate the greatest common factor of 16 and 40.
8
What is the highest common divisor of 5924 and 4?
4
Calculate the highest common factor of 5030 and 70.
10
What is the highest common divisor of 175 and 575?
25
What is the greatest common factor of 14 and 42?
14
Calculate the greatest common factor of 191 and 75827.
191
What is the greatest common divisor of 27 and 711?
9
Calculate the highest common divisor of 75 and 21.
3
What is the greatest common factor of 14 and 266?
14
What is the highest common divisor of 38 and 418?
38
What is the greatest common divisor of 216 and 1476?
36
What is the greatest common divisor of 23 and 3611?
23
What is the greatest common divisor of 18 and 387?
9
Calculate the highest common divisor of 140 and 5020.
20
Calculate the highest common factor of 30 and 498.
6
Calculate the highest common divisor of 348 and 96.
12
Calculate the greatest common factor of 24 and 63.
3
Calculate the highest common divisor of 169 and 13.
13
Calculate the highest common divisor of 288 and 1280.
32
Calculate the highest common factor of 60 and 750.
30
Calculate the highest common divisor of 405 and 10368.
81
Calculate the highest common divisor of 245 and 7938.
49
What is the greatest common divisor of 84 and 189?
21
Calculate the greatest common factor of 3 and 237.
3
Calculate the highest common divisor of 438 and 6278.
146
What is the greatest common divisor of 221 and 340?
17
Calculate the highest common factor of 15274 and 14.
14
Calculate the greatest common factor of 39 and 156.
39
What is the highest common factor of 1596 and 120?
12
What is the highest common divisor of 2148 and 12?
12
What is the greatest common factor of 4264 and 41?
41
What is the highest common factor of 3855 and 30?
15
Calculate the highest common divisor of 273 and 105.
21
What is the highest common factor of 54 and 81?
27
What is the greatest common divisor of 4842 and 54?
18
Calculate the gr